e 3?
1221
What is -6 (base 15) in base 7?
-6
Convert 240 (base 6) to base 9.
116
-45 (base 9) to base 2
-101001
What is -296 (base 12) in base 7?
-1113
Convert -1042 (base 5) to base 14.
-a7
-18 (base 14) to base 10
-22
Convert -c (base 14) to base 6.
-20
Convert 85 (base 16) to base 10.
133
What is -231 (base 4) in base 6?
-113
Convert 15 (base 8) to base 13.
10
What is 1 (base 5) in base 10?
1
-5 (base 15) to base 10
-5
-110101 (base 2) to base 5
-203
46 (base 11) to base 9
55
4 (base 8) to base 6
4
-35 (base 7) to base 13
-20
What is -400 (base 5) in base 6?
-244
What is -2 (base 16) in base 4?
-2
-34 (base 10) to base 15
-24
What is -25 (base 13) in base 4?
-133
Convert 80 (base 10) to base 5.
310
What is -8 (base 12) in base 2?
-1000
Convert 11 (base 2) to base 13.
3
11 (base 12) to base 16
d
130 (base 4) to base 8
34
Convert -55 (base 11) to base 15.
-40
What is -11 (base 14) in base 11?
-14
-4 (base 7) to base 12
-4
What is 4 (base 11) in base 12?
4
Convert 10 (base 2) to base 6.
2
20 (base 6) to base 3
110
Convert -1 (base 7) to base 11.
-1
Convert 136 (base 8) to base 9.
114
-2 (base 7) to base 6
-2
Convert -56 (base 7) to base 4.
-221
43 (base 13) to base 10
55
What is 15a (base 11) in base 9?
226
Convert -194 (base 12) to base 14.
-144
65 (base 12) to base 14
57
What is 89 (base 11) in base 5?
342
4 (base 9) to base 6
4
What is -27 (base 10) in base 15?
-1c
Convert -286 (base 10) to base 14.
-166
-61 (base 8) to base 12
-41
Convert 1 (base 16) to base 14.
1
Convert 10110 (base 2) to base 11.
20
Convert -301 (base 7) to base 3.
-12111
12 (base 10) to base 12
10
Convert 32 (base 9) to base 13.
23
Convert 5 (base 12) to base 14.
5
Convert 3 (base 11) to base 13.
3
Convert -11 (base 2) to base 14.
-3
5 (base 13) to base 6
5
Convert 3 (base 16) to base 9.
3
Convert 100 (base 2) to base 16.
4
Convert -2213 (base 4) to base 8.
-247
Convert 22 (base 16) to base 6.
54
Convert 62 (base 9) to base 14.
40
-111 (base 2) to base 14
-7
6 (base 12) to base 15
6
11 (base 10) to base 5
21
What is 40 (base 15) in base 3?
2020
78 (base 10) to base 13
60
What is -23 (base 12) in base 11?
-25
120 (base 3) to base 8
17
Convert -10 (base 2) to base 14.
-2
24 (base 5) to base 4
32
Convert -14 (base 12) to base 14.
-12
What is 6 (base 11) in base 6?
10
2201 (base 3) to base 9
81
4 (base 10) to base 11
4
Convert -5 (base 12) to base 11.
-5
Convert -7 (base 11) to base 14.
-7
What is -55 (base 6) in base 12?
-2b
What is -21a (base 11) in base 13?
-173
Convert 2 (base 9) to base 8.
2
Convert -87 (base 13) to base 6.
-303
Convert -1 (base 8) to base 6.
-1
What is 43 (base 12) in base 2?
110011
Convert 33 (base 9) to base 7.
42
What is 42 (base 5) in base 12?
1a
285 (base 10) to base 8
435
-2 (base 12) to base 10
-2
-1 (base 16) to base 6
-1
What is -31 (base 13) in base 14?
-2c
-1e (base 15) to base 14
-21
What is -3c (base 15) in base 5?
-212
What is -c (base 14) in base 6?
-20
31 (base 7) to base 8
26
What is -12122 (base 3) in base 12?
-108
What is 11 (base 3) in base 12?
4
What is -198 (base 12) in base 10?
-260
Convert -1 (base 5) to base 15.
-1
Convert -30 (base 4) to base 10.
-12
What is 0 (base 10) in base 13?
0
6 (base 12) to base 11
6
-34 (base 15) to base 7
-100
-14 (base 6) to base 12
-a
What is 6 (base 9) in base 8?
6
-34 (base 7) to base 3
-221
Convert 10110 (base 3) to base 4.
1131
-1011 (base 2) to base 15
-b
5 (base 9) to base 13
5
Convert 2 (base 9) to base 13.
2
What is -4 (base 8) in base 7?
-4
0 (base 13) to base 7
0
What is 4 (base 9) in base 13?
4
a (base 13) to base 4
22
Convert 15 (base 16) to base 13.
18
What is -541 (base 6) in base 14?
-109
Convert 1 (base 3) to base 5.
1
What is -12 (base 9) in base 14?
-b
What is 6 (base 8) in base 5?
11
Convert -2 (base 14) to base 4.
-2
What is -1011 (base 2) in base 12?
-b
2 (base 5) to base 15
2
2b (base 12) to base 6
55
What is 23 (base 16) in base 5?
120
Convert 2 (base 5) to base 4.
2
Convert 11212 (base 3) to base 2.
10000011
Convert 53 (base 12) to base 8.
77
Convert -2 (base 9) to base 16.
-2
-10 (base 16) to base 4
-100
89 (base 12) to base 4
1221
What is 56 (base 8) in base 14?
34
-301 (base 6) to base 2
-1101101
What is 1 (base 2) in base 11?
1
Convert 287 (base 11) to base 9.
414
Convert -108 (base 9) to base 13.
-6b
What is -3 (base 4) in base 12?
-3
What is -b (base 16) in base 4?
-23
What is 6 (base 10) in base 13?
6
Convert -c (base 16) to base 3.
-110
10 (base 10) to base 9
11
What is -1 (base 4) in base 10?
-1
Convert 160 (base 7) to base 15.
61
Convert 8 (base 13) to base 6.
12
What is 10 (base 7) in base 12?
7
-28 (base 12) to base 16
-20
What is 80 (base 14) in base 15?
77
211 (base 11) to base 2
11111110
Convert -2 (base 11) to base 9.
-2
Convert -14 (base 7) to base 5.
-21
What is -2 (base 9) in base 15?
-2
-62 (base 13) to base 4
-1100
What is -20 (base 4) in base 7?
-11
20 (base 9) to base 13
15
-6 (base 7) to base 11
-6
111 (base 5) to base 8
37
-2 (base 15) to base 3
-2
Convert 11 (base 11) to base 2.
1100
Convert 1100111 (base 2) to base 8.
147
13 (base 12) to base 13
12
What is 21 (base 3) in base 13?
7
Convert 13 (base 9) to base 3.
110
4 (base 15) to base 12
4
67 (base 10) to base 4
1003
Convert -33 (base 6) to base 16.
-15
What is 22 (base 8) in base 12?
16
3 (base 14) to base 7
3
Convert -147 (base 10) to base 16.
-93
Convert 20 (base 4) to base 3.
22
What is 65 (base 12) in base 14?
57
-141 (base 8) to base 13
-76
Convert -2 (base 7) to base 14.
-2
Convert 0 (base 15) to base 12.
0
What is 200 (base 4) in base 5?
112
What is 46 (base 9) in base 8?
52
What is -1 (base 3) in base 4?
-1
Convert 243 (base 7) to base 16.
81
What is -3 (base 8) in base 14?
-3
What is 113 (base 4) in base 13?
1a
Convert 0 (base 13) to base 6.
0
3 (base 16) to base 2
11
Convert c (base 14) to base 15.
c
bf (base 16) to base 5
1231
Convert -21 (base 9) to base 4.
-103
Convert -35 (base 9) to base 4.
-200
What is 5 (base 6) in base 16?
5
What is 1 (base 16) in base 14?
1
Convert 11a (base 15) to base 11.
208
Convert ad (base 15) to base 16.
a3
120 (base 13) to base 6
523
What is 101 (base 2) in base 15?
5
152 (base 10) to base 2
10011000
0 (base 14) to base 15
0
-18 (base 16) to base 10
-24
What is 101002 (base 3) in base 7?
536
Convert 51 (base 6) to base 3.
1011
Convert -302 (base 6) to base 7.
-215
Convert 214 (base 9) to base 11.
14a
-5 (base 10) to base 13
-5
-6 (base 11) to base 13
-6
Convert 11001 (base 2) to base 4.
121
What is 3 (base 9) in base 15?
3
-5 (base 11) to base 12
-5
What is -30 (base 5) in base 3?
-120
What is -11 (base 5) in base 7?
-6
4 (base 10) to base 12
4
Convert 2133 (base 5) to base 6.
1205
What is d1 (base 14) in base 12?
133
Convert 2 (base 16) to base 2.
10
What is 1 (base 13) in base 10?
1
What is 123 (base 8) in base 6?
215
Convert -132 (base 13) to base 16.
-d2
-4 (base 8) to base 3
-11
1053 (base 7) to base 2
101111101
Convert -2 (base 16) to base 7.
-2
What is -11 (base 6) in base 10?
-7
Convert a (base 14) to base 7.
13
-15 (base 10) to base 11
-14
Convert -3 (base 11) to base 14.
-3
Convert 266 (base 7) to base 15.
9b
What is -4 (base 15) in base 8?
-4
What is 10 (base 4) in base 15?
4
What is 21 (base 3) in base 10?
7
-5 (base 6) to base 5
-10
-213 (base 7) to base 9
-130
Convert -10011011 (base 2) to base 5.
-1110
-250 (base 7) to base 15
-8d
-17 (base 16) to base 12
-1b
What is -3 (base 7) in base 12?
-3
What is 62 (base 14) in base 2?
1010110
What is -10 (base 4) in base 14?
-4
-2 (base 4) to base 16
-2
Convert 14 (base 5) to base 2.
1001
Convert -110 (base 2) to base 7.
-6
10 (base 4) to base 13
4
What is -12 (base 15) in base 12?
-15
-241 (base 7) to base 8
-177
What is 333 (base 5) in base 7?
162
-11 (base 9) to base 6
-14
Convert -10101000 (base 2) to base 9.
-206
9 (base 15) to base 7
12
Convert -4 (base 9) to base 14.
-4
-4 (base 15) to base 9
-4
What is 1 (base 8) in base 11?
1
-1 (base 2) to base 5
-1
What is -2 (base 14) in base 16?
-2
What is 84 (base 13) in base 16?
6c
a8 (base 11) to base 15
7d
What is -4 (base 8) in base 3?
-11
Convert 22 (base 9) to base 4.
110
Convert 1 (base 3) to base 11.
1
What is 6 (base 16) in base 3?
20
204 (base 8) to base 2
10000100
30 (base 16) to base 11
44
What is -2 (base 13) in base 12?
-2
What is 4